41
What are the prime factors of 855332?
2, 213833
What are the prime factors of 1418035?
5, 283607
What are the prime factors of 1927161?
3, 214129
What are the prime factors of 12564042?
2, 3, 83, 25229
What are the prime factors of 273889?
7, 11, 3557
List the prime factors of 2677238.
2, 227, 5897
List the prime factors of 420830.
2, 5, 42083
List the prime factors of 357693.
3, 7, 17033
List the prime factors of 468140.
2, 5, 89, 263
List the prime factors of 1381469.
37, 37337
List the prime factors of 659452.
2, 19, 8677
What are the prime factors of 1436611?
11, 61, 2141
What are the prime factors of 41158?
2, 13, 1583
What are the prime factors of 25722504?
2, 3, 19, 18803
List the prime factors of 1402006.
2, 31, 22613
List the prime factors of 49714.
2, 7, 53, 67
List the prime factors of 18877987.
67, 281761
What are the prime factors of 1459229?
17, 85837
List the prime factors of 375215.
5, 101, 743
List the prime factors of 18934326.
2, 3, 47, 22381
List the prime factors of 9371010.
2, 3, 5, 11, 73, 389
List the prime factors of 1334386.
2, 41, 16273
List the prime factors of 371639.
371639
What are the prime factors of 11191088?
2, 699443
What are the prime factors of 333649?
109, 3061
What are the prime factors of 385883?
17, 22699
What are the prime factors of 20710139?
31, 668069
List the prime factors of 12947569.
19, 681451
List the prime factors of 63348.
2, 3, 5279
List the prime factors of 2663943.
3, 313, 2837
What are the prime factors of 6562085?
5, 17, 77201
List the prime factors of 18776320.
2, 5, 14669
List the prime factors of 4150722.
2, 3, 691787
What are the prime factors of 1261100?
2, 5, 12611
What are the prime factors of 2362867?
13, 181759
What are the prime factors of 9798191?
13, 753707
List the prime factors of 180365.
5, 36073
What are the prime factors of 1633109?
47, 34747
List the prime factors of 3292173.
3, 365797
List the prime factors of 197833.
181, 1093
What are the prime factors of 799238?
2, 11, 17, 2137
List the prime factors of 4482482.
2, 479, 4679
What are the prime factors of 3270103?
17, 149, 1291
What are the prime factors of 1475318?
2, 13, 179, 317
List the prime factors of 624495.
3, 5, 17, 31, 79
What are the prime factors of 6477220?
2, 5, 37, 8753
List the prime factors of 5702898.
2, 3, 950483
What are the prime factors of 8766342?
2, 3, 13, 37463
What are the prime factors of 13062527?
13062527
List the prime factors of 1143741.
3, 461, 827
What are the prime factors of 4374?
2, 3
List the prime factors of 607589.
79, 7691
What are the prime factors of 2766683?
103, 26861
What are the prime factors of 4921500?
2, 3, 5, 17, 193
What are the prime factors of 5335240?
2, 5, 83, 1607
What are the prime factors of 420567?
3, 7, 2861
List the prime factors of 505253.
7, 89, 811
List the prime factors of 117745.
5, 23549
List the prime factors of 543784.
2, 101, 673
List the prime factors of 166478.
2, 13, 19, 337
What are the prime factors of 3368640?
2, 3, 5, 11, 29
What are the prime factors of 2960592?
2, 3, 37, 1667
What are the prime factors of 55526?
2, 27763
List the prime factors of 424641.
3, 7, 73, 277
List the prime factors of 2876855.
5, 575371
List the prime factors of 1321209.
3, 146801
What are the prime factors of 259474?
2, 129737
What are the prime factors of 2919678?
2, 3, 463, 1051
What are the prime factors of 1767519?
3, 13, 15107
List the prime factors of 328142.
2, 164071
List the prime factors of 2755498.
2, 1377749
List the prime factors of 140829.
3, 13, 23, 157
What are the prime factors of 241468?
2, 17, 53, 67
What are the prime factors of 8682339?
3, 23, 29, 4339
What are the prime factors of 1513812?
2, 3, 126151
What are the prime factors of 275293?
61, 4513
What are the prime factors of 9140021?
11, 830911
What are the prime factors of 1004086?
2, 502043
List the prime factors of 5952206.
2, 13, 19, 12049
List the prime factors of 5206845.
3, 5, 7, 17, 2917
List the prime factors of 2764545.
3, 5, 7, 113, 233
What are the prime factors of 122163?
3, 43, 947
What are the prime factors of 3097331?
643, 4817
What are the prime factors of 30840985?
5, 7, 881171
List the prime factors of 368323.
368323
What are the prime factors of 17876431?
17876431
List the prime factors of 424060.
2, 5, 7, 13, 233
What are the prime factors of 617730?
2, 3, 5, 59, 349
What are the prime factors of 1841029?
1163, 1583
What are the prime factors of 622977?
3, 281, 739
What are the prime factors of 18318007?
18318007
What are the prime factors of 583694?
2, 23, 12689
List the prime factors of 8868653.
8868653
What are the prime factors of 655361?
7, 251, 373
List the prime factors of 151581.
3, 50527
What are the prime factors of 1571935?
5, 23, 13669
List the prime factors of 522251.
522251
List the prime factors of 2830240.
2, 5, 7, 19
List the prime factors of 287281.
287281
What are the prime factors of 1060718?
2, 530359
What are the prime factors of 303444?
2, 3, 8429
What are the prime factors of 197632?
2, 193
What are the prime factors of 3843817?
353, 10889
List the prime factors of 44834.
2, 29, 773
List the prime factors of 205210.
2, 5, 20521
What are the prime factors of 3365419?
59, 57041
List the prime factors of 12678295.
5, 7, 362237
List the prime factors of 143172.
2, 3, 41, 97
What are the prime factors of 2550009?
3, 7, 11, 19, 83
What are the prime factors of 259916?
2, 181, 359
List the prime factors of 704278.
2, 397, 887
What are the prime factors of 11883435?
3, 5, 792229
What are the prime factors of 1569186?
2, 3, 29059
List the prime factors of 18135655.
5, 47, 229, 337
What are the prime factors of 14138719?
7, 2019817
What are the prime factors of 10660160?
2, 5, 7, 4759
What are the prime factors of 5003904?
2, 3, 83, 157
What are the prime factors of 70555?
5, 103, 137
What are the prime factors of 11533848?
2, 3, 157, 3061
What are the prime factors of 1621507?
197, 8231
What are the prime factors of 80608?
2, 11, 229
List the prime factors of 5966889.
3, 1988963
What are the prime factors of 187189?
187189
List the prime factors of 16833888.
2, 3, 58451
List the prime factors of 994860.
2, 3, 5, 5527
What are the prime factors of 1702926?
2, 3, 89, 1063
What are the prime factors of 154100?
2, 5, 23, 67
What are the prime factors of 6947900?
2, 5, 17, 61, 67
What are the prime factors of 6913521?
3, 768169
What are the prime factors of 502222?
2, 7, 29, 1237
What are the prime factors of 105272?
2, 13159
List the prime factors of 121293.
3, 13477
List the prime factors of 954012.
2, 3, 107, 743
What are the prime factors of 5437059?
3, 17, 19, 31, 181
List the prime factors of 1986809.
11, 23, 7853
What are the prime factors of 28877187?
3, 9625729
What are the prime factors of 172219?
172219
What are the prime factors of 232278?
2, 3, 38713
List the prime factors of 20335651.
7, 2905093
What are the prime factors of 1600492?
2, 400123
List the prime factors of 8957992.
2, 257, 4357
What are the prime factors of 25016816?
2, 11, 307, 463
List the prime factors of 1290160.
2, 5, 16127
What are the prime factors of 5230657?
41, 113, 1129
What are the prime factors of 156089?
156089
What are the prime factors of 1493751?
3, 7, 83, 857
List the prime factors of 1018628.
2, 13, 19, 1031
List the prime factors of 720027.
3, 7, 11, 1039
List the prime factors of 253018.
2, 73, 1733
List the prime factors of 27603652.
2, 6900913
What are the prime factors of 357914?
2, 67, 2671
What are the prime factors of 3659601?
3, 11, 43, 2579
What are the prime factors of 2390111?
2390111
What are the prime factors of 153428?
2, 11, 317
What are the prime factors of 1601498?
2, 397, 2017
What are the prime factors of 1374216?
2, 3, 57259
List the prime factors of 2199438.
2, 3, 71, 1721
List the prime factors of 788062.
2, 11, 113, 317
What are the prime factors of 1509918?
2, 3, 251653
List the prime factors of 8038969.
379, 21211
What are the prime factors of 118058?
2, 59029
What are the prime factors of 320543?
73, 4391
List the prime factors of 603197.
7, 86171
What are the prime factors of 1631646?
2, 3, 90647
List the prime factors of 1576555.
5, 71, 4441
What are the prime factors of 9753355?
5, 263, 7417
What are the prime factors of 644